[INFO] cloning repository https://github.com/tirr-c/nitori
[INFO] running `Command { std: "git" "-c" "credential.helper=" "-c" "credential.helper=/workspace/cargo-home/bin/git-credential-null" "clone" "--bare" "https://github.com/tirr-c/nitori" "/workspace/cache/git-repos/https%3A%2F%2Fgithub.com%2Ftirr-c%2Fnitori", kill_on_drop: false }`
[INFO] [stderr] Cloning into bare repository '/workspace/cache/git-repos/https%3A%2F%2Fgithub.com%2Ftirr-c%2Fnitori'...
[INFO] running `Command { std: "git" "rev-parse" "HEAD", kill_on_drop: false }`
[INFO] [stdout] 275c14f85e22d7fd0aa47efe865b68b4d3479641
[INFO] checking tirr-c/nitori against master#cfbc6d4cf1acbac5c025acf8ed68929caa551df3 for pr-75494-beta
[INFO] running `Command { std: "git" "clone" "/workspace/cache/git-repos/https%3A%2F%2Fgithub.com%2Ftirr-c%2Fnitori" "/workspace/builds/worker-8/source", kill_on_drop: false }`
[INFO] [stderr] Cloning into '/workspace/builds/worker-8/source'...
[INFO] [stderr] done.
[INFO] validating manifest of git repo https://github.com/tirr-c/nitori on toolchain cfbc6d4cf1acbac5c025acf8ed68929caa551df3
[INFO] running `Command { std: "/workspace/cargo-home/bin/cargo" "+cfbc6d4cf1acbac5c025acf8ed68929caa551df3" "read-manifest" "--manifest-path" "Cargo.toml", kill_on_drop: false }`
[INFO] started tweaking git repo https://github.com/tirr-c/nitori
[INFO] finished tweaking git repo https://github.com/tirr-c/nitori
[INFO] tweaked toml for git repo https://github.com/tirr-c/nitori written to /workspace/builds/worker-8/source/Cargo.toml
[INFO] crate git repo https://github.com/tirr-c/nitori already has a lockfile, it will not be regenerated
[INFO] running `Command { std: "/workspace/cargo-home/bin/cargo" "+cfbc6d4cf1acbac5c025acf8ed68929caa551df3" "fetch" "--locked" "--manifest-path" "Cargo.toml", kill_on_drop: false }`
[INFO] [stderr]     Updating git repository `https://github.com/QuietMisdreavus/twitter-rs.git`
[INFO] [stderr]     Blocking waiting for file lock on package cache
[INFO] [stderr]  Downloading crates ...
[INFO] [stderr]   Downloaded digest v0.6.2
[INFO] [stderr]   Downloaded hmac v0.4.2
[INFO] [stderr]   Downloaded sha-1 v0.4.1
[INFO] [stderr]   Downloaded openssl v0.9.21
[INFO] [stderr]   Downloaded serde_json v1.0.6
[INFO] [stderr]   Downloaded schannel v0.1.8
[INFO] [stderr]   Downloaded lazy_static v0.2.10
[INFO] [stderr]   Downloaded foreign-types v0.2.0
[INFO] [stderr]   Downloaded openssl-sys v0.9.21
[INFO] [stderr]   Downloaded crypto-mac v0.4.0
[INFO] [stderr]   Downloaded arrayref v0.3.4
[INFO] [stderr]   Downloaded generic-array v0.8.3
[INFO] [stderr]   Downloaded tokio-timer-plus v0.1.3
[INFO] [stderr]   Downloaded twox-hash v1.1.0
[INFO] [stderr]   Downloaded oauthcli v1.0.6
[INFO] [stderr]   Downloaded twitter-stream-message v0.2.0
[INFO] [stderr]   Downloaded ring v0.9.7
[INFO] [stderr]   Downloaded twitter-stream v0.5.3
[INFO] running `Command { std: "docker" "create" "-v" "/var/lib/crater-agent-workspace/builds/worker-8/target:/opt/rustwide/target:rw,Z" "-v" "/var/lib/crater-agent-workspace/builds/worker-8/source:/opt/rustwide/workdir:ro,Z" "-v" "/var/lib/crater-agent-workspace/cargo-home:/opt/rustwide/cargo-home:ro,Z" "-v" "/var/lib/crater-agent-workspace/rustup-home:/opt/rustwide/rustup-home:ro,Z" "-e" "SOURCE_DIR=/opt/rustwide/workdir" "-e" "CARGO_TARGET_DIR=/opt/rustwide/target" "-e" "CARGO_HOME=/opt/rustwide/cargo-home" "-e" "RUSTUP_HOME=/opt/rustwide/rustup-home" "-w" "/opt/rustwide/workdir" "-m" "1610612736" "--user" "0:0" "--network" "none" "rustops/crates-build-env@sha256:a636fd89d022f18117e1dc8fb37a0a009933cdbbe082814857f0e2024962d47c" "/opt/rustwide/cargo-home/bin/cargo" "+cfbc6d4cf1acbac5c025acf8ed68929caa551df3" "metadata" "--no-deps" "--format-version=1", kill_on_drop: false }`
[INFO] [stdout] b073c714bbabc895a139c50685988eab51d62445e5f55428141522d4d3a12943
[INFO] [stderr] WARNING: Your kernel does not support swap limit capabilities or the cgroup is not mounted. Memory limited without swap.
[INFO] running `Command { std: "docker" "start" "-a" "b073c714bbabc895a139c50685988eab51d62445e5f55428141522d4d3a12943", kill_on_drop: false }`
[INFO] running `Command { std: "docker" "inspect" "b073c714bbabc895a139c50685988eab51d62445e5f55428141522d4d3a12943", kill_on_drop: false }`
[INFO] running `Command { std: "docker" "rm" "-f" "b073c714bbabc895a139c50685988eab51d62445e5f55428141522d4d3a12943", kill_on_drop: false }`
[INFO] [stdout] b073c714bbabc895a139c50685988eab51d62445e5f55428141522d4d3a12943
[INFO] running `Command { std: "docker" "create" "-v" "/var/lib/crater-agent-workspace/builds/worker-8/target:/opt/rustwide/target:rw,Z" "-v" "/var/lib/crater-agent-workspace/builds/worker-8/source:/opt/rustwide/workdir:ro,Z" "-v" "/var/lib/crater-agent-workspace/cargo-home:/opt/rustwide/cargo-home:ro,Z" "-v" "/var/lib/crater-agent-workspace/rustup-home:/opt/rustwide/rustup-home:ro,Z" "-e" "SOURCE_DIR=/opt/rustwide/workdir" "-e" "CARGO_TARGET_DIR=/opt/rustwide/target" "-e" "CARGO_INCREMENTAL=0" "-e" "RUST_BACKTRACE=full" "-e" "RUSTFLAGS=--cap-lints=forbid" "-e" "CARGO_HOME=/opt/rustwide/cargo-home" "-e" "RUSTUP_HOME=/opt/rustwide/rustup-home" "-w" "/opt/rustwide/workdir" "-m" "1610612736" "--user" "0:0" "--network" "none" "rustops/crates-build-env@sha256:a636fd89d022f18117e1dc8fb37a0a009933cdbbe082814857f0e2024962d47c" "/opt/rustwide/cargo-home/bin/cargo" "+cfbc6d4cf1acbac5c025acf8ed68929caa551df3" "check" "--frozen" "--all" "--all-targets" "--message-format=json", kill_on_drop: false }`
[INFO] [stdout] eb761e9298c75158e3a624f00a016ee113ec46c4a9030f593f17032bca0deae9
[INFO] [stderr] WARNING: Your kernel does not support swap limit capabilities or the cgroup is not mounted. Memory limited without swap.
[INFO] running `Command { std: "docker" "start" "-a" "eb761e9298c75158e3a624f00a016ee113ec46c4a9030f593f17032bca0deae9", kill_on_drop: false }`
[INFO] [stderr]     Checking cfg-if v0.1.2
[INFO] [stderr]     Checking lazy_static v0.2.10
[INFO] [stderr]    Compiling pkg-config v0.3.9
[INFO] [stderr]    Compiling libc v0.2.33
[INFO] [stderr]    Compiling either v1.4.0
[INFO] [stderr]    Compiling scopeguard v0.3.3
[INFO] [stderr]    Compiling winapi-build v0.1.1
[INFO] [stderr]    Compiling openssl v0.9.21
[INFO] [stderr]     Checking bitflags v0.9.1
[INFO] [stderr]     Checking foreign-types v0.2.0
[INFO] [stderr]     Checking winapi v0.2.8
[INFO] [stderr]     Checking safemem v0.2.0
[INFO] [stderr]     Checking void v1.0.2
[INFO] [stderr]     Checking byte-tools v0.2.0
[INFO] [stderr]     Checking dtoa v0.4.2
[INFO] [stderr]     Checking arrayref v0.3.4
[INFO] [stderr]     Checking constant_time_eq v0.1.3
[INFO] [stderr]     Checking untrusted v0.5.1
[INFO] [stderr]     Checking utf8-ranges v1.0.0
[INFO] [stderr]     Checking utf8-ranges v0.1.3
[INFO] [stderr]     Checking regex-syntax v0.3.9
[INFO] [stderr]     Checking rustc-serialize v0.3.24
[INFO] [stderr]     Checking iovec v0.1.1
[INFO] [stderr]     Checking rand v0.3.18
[INFO] [stderr]     Checking time v0.1.38
[INFO] [stderr]    Compiling backtrace-sys v0.1.16
[INFO] [stderr]     Checking num_cpus v1.7.0
[INFO] [stderr]     Checking memchr v0.1.11
[INFO] [stderr]     Checking memchr v1.0.2
[INFO] [stderr]     Checking tokio-service v0.1.0
[INFO] [stderr]     Checking relay v0.1.0
[INFO] [stderr]     Checking base64 v0.5.2
[INFO] [stderr]     Checking tokio-timer-plus v0.1.3
[INFO] [stderr]    Compiling rayon-core v1.3.0
[INFO] [stderr]     Checking net2 v0.2.31
[INFO] [stderr]     Checking unreachable v1.0.0
[INFO] [stderr]     Checking base64 v0.6.0
[INFO] [stderr]     Checking block-buffer v0.3.3
[INFO] [stderr]    Compiling coco v0.1.1
[INFO] [stderr]     Checking bytes v0.4.5
[INFO] [stderr]    Compiling syn v0.11.11
[INFO] [stderr]    Compiling kernel32-sys v0.2.2
[INFO] [stderr]     Checking serde_json v1.0.6
[INFO] [stderr]     Checking aho-corasick v0.5.3
[INFO] [stderr]     Checking futures-cpupool v0.1.7
[INFO] [stderr]     Checking aho-corasick v0.6.3
[INFO] [stderr]     Checking thread_local v0.3.4
[INFO] [stderr]     Checking generic-array v0.8.3
[INFO] [stderr]     Checking num v0.1.40
[INFO] [stderr]     Checking mio v0.6.11
[INFO] [stderr]     Checking url v1.6.0
[INFO] [stderr]    Compiling openssl-sys v0.9.21
[INFO] [stderr]     Checking tokio-io v0.1.4
[INFO] [stderr]     Checking digest v0.6.2
[INFO] [stderr]     Checking crypto-mac v0.4.0
[INFO] [stderr]     Checking chrono v0.4.0
[INFO] [stderr]     Checking regex v0.2.2
[INFO] [stderr]     Checking twox-hash v1.1.0
[INFO] [stderr]     Checking sha-1 v0.4.1
[INFO] [stdout] error[E0214]: parenthesized type parameters may only be used with a `Fn` trait
[INFO] [stdout]   --> /opt/rustwide/cargo-home/registry/src/github.com-1ecc6299db9ec823/twox-hash-1.1.0/src/number_streams.rs:67:23
[INFO] [stdout]    |
[INFO] [stdout] 67 |     fn count(self) -> usize() {
[INFO] [stdout]    |                       ^^^^^^^ only `Fn` traits may use parentheses
[INFO] [stdout] ...
[INFO] [stdout] 74 | number_stream!(U32FromBytes, u32, U32_BYTES);
[INFO] [stdout]    | --------------------------------------------- in this macro invocation
[INFO] [stdout]    |
[INFO] [stdout]    = note: this error originates in a macro (in Nightly builds, run with -Z macro-backtrace for more info)
[INFO] [stdout] 
[INFO] [stdout] 
[INFO] [stdout] error[E0214]: parenthesized type parameters may only be used with a `Fn` trait
[INFO] [stdout]   --> /opt/rustwide/cargo-home/registry/src/github.com-1ecc6299db9ec823/twox-hash-1.1.0/src/number_streams.rs:67:23
[INFO] [stdout]    |
[INFO] [stdout] 67 |     fn count(self) -> usize() {
[INFO] [stdout]    |                       ^^^^^^^ only `Fn` traits may use parentheses
[INFO] [stdout] ...
[INFO] [stdout] 75 | number_stream!(U64FromBytes, u64, U64_BYTES);
[INFO] [stdout]    | --------------------------------------------- in this macro invocation
[INFO] [stdout]    |
[INFO] [stdout]    = note: this error originates in a macro (in Nightly builds, run with -Z macro-backtrace for more info)
[INFO] [stdout] 
[INFO] [stdout] 
[INFO] [stdout] error: aborting due to 2 previous errors
[INFO] [stdout] 
[INFO] [stdout] 
[INFO] [stdout] For more information about this error, try `rustc --explain E0214`.
[INFO] [stdout] 
[INFO] [stderr]     Checking hmac v0.4.2
[INFO] [stderr] error: could not compile `twox-hash`.
[INFO] [stderr] 
[INFO] [stderr] To learn more, run the command again with --verbose.
[INFO] [stderr] warning: build failed, waiting for other jobs to finish...
[INFO] [stdout] error[E0713]: borrow may still be in use when destructor runs
[INFO] [stdout]    --> /opt/rustwide/cargo-home/registry/src/github.com-1ecc6299db9ec823/url-1.6.0/src/form_urlencoded.rs:261:40
[INFO] [stdout]     |
[INFO] [stdout] 259 | impl<'a> Target for ::UrlQuery<'a> {
[INFO] [stdout]     |      -- lifetime `'a` defined here
[INFO] [stdout] 260 |     fn as_mut_string(&mut self) -> &mut String { &mut self.url.serialization }
[INFO] [stdout] 261 |     fn finish(self) -> &'a mut ::Url { self.url }
[INFO] [stdout]     |                                        ^^^^^^^^ - here, drop of `self` needs exclusive access to `*self.url`, because the type `UrlQuery<'_>` implements the `Drop` trait
[INFO] [stdout]     |                                        |
[INFO] [stdout]     |                                        returning this value requires that `*self.url` is borrowed for `'a`
[INFO] [stdout] 
[INFO] [stdout] 
[INFO] [stdout] error: aborting due to previous error
[INFO] [stdout] 
[INFO] [stdout] 
[INFO] [stdout] For more information about this error, try `rustc --explain E0713`.
[INFO] [stdout] 
[INFO] [stderr] error: build failed
[INFO] running `Command { std: "docker" "inspect" "eb761e9298c75158e3a624f00a016ee113ec46c4a9030f593f17032bca0deae9", kill_on_drop: false }`
[INFO] running `Command { std: "docker" "rm" "-f" "eb761e9298c75158e3a624f00a016ee113ec46c4a9030f593f17032bca0deae9", kill_on_drop: false }`
[INFO] [stdout] eb761e9298c75158e3a624f00a016ee113ec46c4a9030f593f17032bca0deae9
